 z - 2 = -3. Let b = 0 - z. What is the units digit of b?
1
Let h(b) = -16*b**2 - 1. Let o be h(1). Let q = 22 + o. What is the units digit of q?
5
Suppose c + 3 = -q, 3*c - 2*q - 7 = -q. Let j(k) = 15*k**2 + 1. What is the units digit of j(c)?
6
Let x be -1*(-134)/(2/1). Suppose -16 = 3*n - x. Suppose -u = 2*u - 9, 0 = q - 2*u - n. What is the units digit of q?
3
Let j be (-26)/(1*(1 - 2)). Let n = -15 + j. What is the units digit of n?
1
What is the units digit of 0 + 1/(-4)*-4 + 123?
4
Suppose 3*q + 88 + 37 = -5*w, 0 = 4*w + q + 100. Let x be (-40)/w - 4/(-10). Suppose 7*b - x*b + 26 = l, -b = 5. What is the units digit of l?
1
Let g(x) = -2*x**2 - 12*x + 4. Let q(j) = j**3 - 6*j**2 + 6*j + 3. Let m be q(3). What is the units digit of g(m)?
4
Let n = -13 - -6. Suppose v + 8 = -3*v. Let f = v - n. What is the units digit of f?
5
Suppose 3*x - d - 3*d + 11 = 0, -3*x = d - 14. Suppose -p - 3*c + 7*c + 10 = 0, -x*p + c + 41 = 0. What is the tens digit of p?
1
Suppose 5*i - 6*i - 24 = -5*s, 3*s - 3*i - 12 = 0. Suppose 2*c = -3*q + 5, 5*q + 5*c = 4*q + 6. What is the units digit of s + 0/(-2) + q?
6
Suppose 2*o - 13 = 155. What is the tens digit of o?
8
Suppose 0 = -4*o + k + 10, -k + 3*k = -3*o + 13. Suppose -14 = o*m - 2. Let p(l) = -l**3 - 2*l**2 + 6*l + 5. What is the units digit of p(m)?
3
Let v(b) = -6*b - 3. Let l(i) = -7*i - 2. Let p(a) = -3*l(a) + 4*v(a). Let z be (-5 - 1)*1/1. What is the units digit of p(z)?
2
Let p be (-2 + 0)/(2 + -3). Suppose p*c - 57 = -c. What is the tens digit of c?
1
Let d(w) = w**3 + 12*w**2 + 11*w + 7. What is the units digit of d(-8)?
5
Let l(w) = 35*w**2. What is the units digit of l(1)?
5
Let j(l) = -8*l + 8. Let s be j(-6). Suppose -4*r - 2*m + s = 0, -2*r + 13 = -m - 19. What is the tens digit of r?
1
Suppose 4*y - 3 = 3*y. Suppose 28 = y*u + 4*i, i + 8 = -3*u + 33. Suppose u = 5*h - 17. What is the units digit of h?
5
Suppose 0 = 12*t - 13*t + 72. What is the units digit of t?
2
Let r(y) = -4*y - 15. What is the tens digit of r(-9)?
2
Let m be (-10)/(-15) + (-159)/9. Let g = 14 + -23. Let a = g - m. What is the units digit of a?
8
What is the tens digit of (-6)/3 - (-3 - (166 + -1))?
6
Let q = -28 + 17. Let c(s) = s**2 + 8*s - 16. What is the tens digit of c(q)?
1
Let o(y) = -y**3 - 8*y**2 + 8*y + 10. Suppose 2*w - l + 22 = 0, -w - 29 = -6*l + l. What is the tens digit of o(w)?
1
Let z(i) = 15*i + 19. What is the tens digit of z(6)?
0
Suppose 3*l - 1 = 14. Suppose k = -5*w + 2 - 0, l*k = -5*w + 10. Suppose -2*a + 8 = 2*f, -2*a + 5*f = -w*f - 1. What is the units digit of a?
3
What is the units digit of 48/(-8)*17/(-3)?
4
Suppose 0 = -3*g + 6 + 3. Suppose g*p - 6 = -42. What is the tens digit of -2 + 1 - (p - 3)?
1
Let d(a) = 3*a + 26. What is the tens digit of d(20)?
8
Let q = -2 - -3. Let h(k) = 13*k - 1. What is the tens digit of h(q)?
1
Let b(i) = 4*i**2 - i + 2. Let r(c) = -5*c**2 + 2*c - 1. Let s(q) = 6*b(q) + 5*r(q). What is the units digit of s(5)?
2
Suppose 4*p + 49 = 5*j, 3*j - 38 = 3*p - 11. Let h = -24 + 18. Let r = h + j. What is the units digit of r?
7
Let h(i) = i**2 - 3*i - 13. Let t = -8 + 17. Let z be h(t). Let s = z - 28. What is the units digit of s?
3
What is the units digit of ((-105)/60)/((-2)/72)?
3
Let h(g) = 2*g**3 - 4*g**2 - 2*g + 6. What is the hundreds digit of h(5)?
1
Suppose -2*t + 4*o + 404 = -0*o, -2*t = -3*o - 402. What is the tens digit of t?
9
Let s(g) = g**2 - g - 3. Let j be s(3). Let a be j/(9/(-4))*-3. Let q(v) = v**2 - 2*v. What is the units digit of q(a)?
8
Suppose 699 - 207 = 6*f. What is the units digit of f?
2
Suppose 3*r - 27 = 243. Suppose -6*h = -h - r. What is the tens digit of h?
1
Suppose 0 = 2*o - i - 129, 0*i - 270 = -4*o - 2*i. What is the tens digit of o?
6
Let y(o) = 2*o + 2. Let a be y(-6). Let k(p) = -2*p + 12. What is the units digit of k(a)?
2
Suppose 0 = -4*o + 3*l + 2 - 7, -3*l = -2*o - 7. Let r be (2 - 1) + 4/o. Suppose i = -4*a, -11 = 5*i - r*a - 86. What is the tens digit of i?
1
Suppose -q + 56 = 7*q. What is the units digit of q?
7
What is the units digit of (2 - 6) + 113 - -3?
2
Suppose -4*d + 9*d = -k - 13, -2*k - d + 1 = 0. Suppose 12 = -k*b + j + 3*j, 0 = b - 3*j + 10. What is the units digit of b?
2
Let h(w) = -21*w - 1. Let r be h(-1). Suppose -q - 4*d + r = 0, -q = -0*q + 2*d - 16. What is the tens digit of q?
1
Let i(w) = w**3 - 6*w**2 - 7*w + 5. Let k be i(7). Suppose -6*c + c = -5. Let m = k - c. What is the units digit of m?
4
Suppose 0 = 10*d - 3*d - 434. What is the tens digit of d?
6
What is the units digit of 2/(-10) + (-12)/15 + 12?
1
Suppose 2*i - 6*t = -t + 33, -4*i + 80 = 4*t. Suppose 3*s - 2*c = 4*s - 16, 0 = s + 3*c - i. What is the units digit of s?
0
Let w(b) = 2*b**2 + 2*b - 2. Suppose -11 - 13 = -3*f - 3*a, -4*f + 2*a = -8. Let o = f + -2. What is the units digit of w(o)?
0
Let n(w) = 3*w - 5. Suppose 9 + 3 = 2*l. Let d be n(l). Let z = d - 7. What is the units digit of z?
6
Let g(d) = -d**2 + 16*d + 14. What is the tens digit of g(15)?
2
Suppose 2*n = j - 50, j - 5*j + 2*n = -170. What is the units digit of j?
0
Let x be (-4)/(-10) + 65/25. Let f(k) = k**3 - 3*k**2 + 4*k - 3. What is the units digit of f(x)?
9
Let c = -8 - -10. Suppose 2*x - c*m - 104 = 8, -2*m = -4*x + 216. What is the units digit of x?
2
Suppose 4*g - 4 + 100 = 3*u, 5*g - 41 = -2*u. What is the tens digit of u?
2
Suppose 0 = 4*m - 0 - 4. What is the units digit of 0/m - (0 + -2)?
2
Suppose 0 = d - 2*d + 5. What is the units digit of d?
5
Suppose -q - 2 = -w + 1, -16 = -4*q. What is the units digit of w?
7
Let w(g) = 6*g**3 + 2*g**2 - 1. Suppose -2 = -4*a + 2. Let y be w(a). Suppose 2*h - y = 3. What is the units digit of h?
5
Suppose 0 = d - 0*d - 7. Suppose f + d = 2*f. Suppose 3 = 2*c - f. What is the units digit of c?
5
Suppose 3*r + 13 = -20. Let b(s) = -2*s - 12. What is the units digit of b(r)?
0
Suppose 5*h = h + 172. What is the units digit of h?
3
Let q = -90 + 174. Suppose -4*p - 4*d = -156, 2*p = 3*d - 8*d + q. What is the tens digit of p?
3
Suppose -4*a = 3*t - 23, 3*t = -3*a + 5*a - 7. Let s = 6 + t. What is the units digit of s?
7
Let h(x) = -255*x + 3. What is the units digit of h(-1)?
8
Let o = 25 + 58. Let a = o + -59. What is the units digit of a?
4
Let z(p) = -p**3 + p**2 + 2*p + 52. Let n be (-2 - 0) + 2/1. What is the units digit of z(n)?
2
Suppose -2*j = j - i - 47, j = -4*i + 7. What is the tens digit of j?
1
Suppose -4*w = -19 - 1. What is the units digit of w?
5
Suppose 5*d = 3*c + 17, 4*d + 2*c - 10 = 2*d. Suppose 0 = m + d*q - 0 - 10, -22 = 3*m - q. What is the units digit of ((-2)/m)/(3/9)?
1
Let w(q) be the third derivative of q**5/60 + q**4/12 - 7*q**3/6 - 4*q**2. What is the tens digit of w(-8)?
4
What is the units digit of (2/(-3))/((-18)/5373)?
9
Suppose 2*v + 5*y = 13, 6 = 3*v + 4*y - 3. Suppose 5*b - 4*k = 10, 0 = -0*k - k - 5. Let f = v - b. What is the units digit of f?
1
Let h(o) = 10*o + 12. Let f be h(-6). Let k = f + 68. What is the tens digit of k?
2
Let m(s) = 10*s + 30. What is the units digit of m(11)?
0
Let o be (-8)/(-36) + (-2)/9. Let r(t) = t**2 + 5*t - 8. Let m be r(-6). What is the units digit of 0/(o + m) - -1?
1
Suppose -5*x + 11 = -4*x. What is the units digit of x?
1
Let a(l) = -3*l**2 - 7*l + 10. Let w(i) = -4*i**2 - 7*i + 10. Let d(t) = 5*a(t) - 4*w(t). Let q(n) = 6*n + 1. Let b be q(1). What is the units digit of d(b)?
0
What is the units digit of 4/(-10) + (-548)/(-20)?
7
Let i(f) = -9*f**2 - 4 - 2*f**3 + f**3 - 2 - 9*f. Let y be i(-8). Suppose -3*w = -y*w - 7. What is the units digit of w?
7
Let w(b) = -9. Let z(r) = -r. Let i(q) = -w(q) - z(q). What is the units digit of i(-7)?
2
Suppose -2 - 5 = -c. What is the units digit of c?
7
Suppose -4*s + 1012 = s - 3*v, -3*s + 606 = -3*v. What is the tens digit of s?
0
What is the units digit of (-4)/(4 + -2) + (114 - 0)?
2
Suppose 14 = -x + 3*y, 3*y - 4*y = x - 2. Let t be (-45)/6*(-4)/x. Let v = t - -28. What is the units digit of v?
3
Suppose 0*h + 2*h = 62. What is the tens digit of h?
3
Let d = 4 + -4. Suppose 26 = -2*c - 4*n - 12, d = -2*n - 6. Let a = c + 19. What is the units digit of a?
6
Suppose -437 = -2*y + w, 0 = 3*y - w - 4*w - 673. What is the units digit of y?
6
Let h = 2 + 0. Let q = 17 + h. Suppose -2*n = n - z - q, -1 =